{"id":3166,"date":"2026-04-12T23:05:35","date_gmt":"2026-04-12T23:05:35","guid":{"rendered":"https:\/\/www.solesconfort.com.mx\/?product=soles-pv10"},"modified":"2026-04-12T23:05:35","modified_gmt":"2026-04-12T23:05:35","slug":"soles-pv10","status":"publish","type":"product","link":"https:\/\/www.solesconfort.com.mx\/?product=soles-pv10","title":{"rendered":"SOLES-PV10"},"content":{"rendered":"<p>Sandalia en textil negro con tiras cruzadas.<br \/>\nDise\u00f1o c\u00f3modo con plantilla ergon\u00f3mica y base ligera.<\/p>\n","protected":false},"excerpt":{"rendered":"<p>Sandalia en textil negro con tiras cruzadas. Dise\u00f1o c\u00f3modo con plantilla ergon\u00f3mica y base ligera.<\/p>\n","protected":false},"featured_media":3145,"comment_status":"open","ping_status":"closed","template":"","meta":[],"product_brand":[],"product_cat":[15],"product_tag":[73],"class_list":{"0":"post-3166","1":"product","2":"type-product","3":"status-publish","4":"has-post-thumbnail","6":"product_cat-uncategorized","7":"product_tag-sandalias","9":"first","10":"instock","11":"shipping-taxable","12":"product-type-simple"},"_links":{"self":[{"href":"https:\/\/www.solesconfort.com.mx\/index.php?rest_route=\/wp\/v2\/product\/3166","targetHints":{"allow":["GET"]}}],"collection":[{"href":"https:\/\/www.solesconfort.com.mx\/index.php?rest_route=\/wp\/v2\/product"}],"about":[{"href":"https:\/\/www.solesconfort.com.mx\/index.php?rest_route=\/wp\/v2\/types\/product"}],"replies":[{"embeddable":true,"href":"https:\/\/www.solesconfort.com.mx\/index.php?rest_route=%2Fwp%2Fv2%2Fcomments&post=3166"}],"wp:featuredmedia":[{"embeddable":true,"href":"https:\/\/www.solesconfort.com.mx\/index.php?rest_route=\/wp\/v2\/media\/3145"}],"wp:attachment":[{"href":"https:\/\/www.solesconfort.com.mx\/index.php?rest_route=%2Fwp%2Fv2%2Fmedia&parent=3166"}],"wp:term":[{"taxonomy":"product_brand","embeddable":true,"href":"https:\/\/www.solesconfort.com.mx\/index.php?rest_route=%2Fwp%2Fv2%2Fproduct_brand&post=3166"},{"taxonomy":"product_cat","embeddable":true,"href":"https:\/\/www.solesconfort.com.mx\/index.php?rest_route=%2Fwp%2Fv2%2Fproduct_cat&post=3166"},{"taxonomy":"product_tag","embeddable":true,"href":"https:\/\/www.solesconfort.com.mx\/index.php?rest_route=%2Fwp%2Fv2%2Fproduct_tag&post=3166"}],"curies":[{"name":"wp","href":"https:\/\/api.w.org\/{rel}","templated":true}]}}