{"id":3161,"date":"2026-04-12T23:05:35","date_gmt":"2026-04-12T23:05:35","guid":{"rendered":"https:\/\/www.solesconfort.com.mx\/?product=soles-pv2"},"modified":"2026-04-12T23:05:35","modified_gmt":"2026-04-12T23:05:35","slug":"soles-pv2","status":"publish","type":"product","link":"https:\/\/www.solesconfort.com.mx\/?product=soles-pv2","title":{"rendered":"SOLES-PV2"},"content":{"rendered":"<p>Sandalia de plataforma con upper sint\u00e9tico y herraje met\u00e1lico.<br \/>\nDise\u00f1o de dos tiras con ajuste trasero y suela gruesa.<\/p>\n","protected":false},"excerpt":{"rendered":"<p>Sandalia de plataforma con upper sint\u00e9tico y herraje met\u00e1lico. Dise\u00f1o de dos tiras con ajuste trasero y suela gruesa.<\/p>\n","protected":false},"featured_media":3140,"comment_status":"open","ping_status":"closed","template":"","meta":[],"product_brand":[],"product_cat":[15],"product_tag":[74],"class_list":{"0":"post-3161","1":"product","2":"type-product","3":"status-publish","4":"has-post-thumbnail","6":"product_cat-uncategorized","7":"product_tag-sandalias-plataforma","9":"first","10":"instock","11":"shipping-taxable","12":"product-type-simple"},"_links":{"self":[{"href":"https:\/\/www.solesconfort.com.mx\/index.php?rest_route=\/wp\/v2\/product\/3161","targetHints":{"allow":["GET"]}}],"collection":[{"href":"https:\/\/www.solesconfort.com.mx\/index.php?rest_route=\/wp\/v2\/product"}],"about":[{"href":"https:\/\/www.solesconfort.com.mx\/index.php?rest_route=\/wp\/v2\/types\/product"}],"replies":[{"embeddable":true,"href":"https:\/\/www.solesconfort.com.mx\/index.php?rest_route=%2Fwp%2Fv2%2Fcomments&post=3161"}],"wp:featuredmedia":[{"embeddable":true,"href":"https:\/\/www.solesconfort.com.mx\/index.php?rest_route=\/wp\/v2\/media\/3140"}],"wp:attachment":[{"href":"https:\/\/www.solesconfort.com.mx\/index.php?rest_route=%2Fwp%2Fv2%2Fmedia&parent=3161"}],"wp:term":[{"taxonomy":"product_brand","embeddable":true,"href":"https:\/\/www.solesconfort.com.mx\/index.php?rest_route=%2Fwp%2Fv2%2Fproduct_brand&post=3161"},{"taxonomy":"product_cat","embeddable":true,"href":"https:\/\/www.solesconfort.com.mx\/index.php?rest_route=%2Fwp%2Fv2%2Fproduct_cat&post=3161"},{"taxonomy":"product_tag","embeddable":true,"href":"https:\/\/www.solesconfort.com.mx\/index.php?rest_route=%2Fwp%2Fv2%2Fproduct_tag&post=3161"}],"curies":[{"name":"wp","href":"https:\/\/api.w.org\/{rel}","templated":true}]}}